Let i(t) = 4*t**3 - 6*t**2 + 6*t + 4. Let l(n) = n**3 - n**2 + n. Let j(v) = i(v) - 5*l(v). What is the units digit of j(0)?
4
Let i(t) = -19*t + 1. Let v be i(-2). Let d = -8 + 35. Let o = v - d. What is the tens digit of o?
1
Let z be 5/((-100)/(-12))*-5. Let o(q) = q**3 + 2*q**2 - 5*q - 3. What is the units digit of o(z)?
3
What is the units digit of (-3)/(-15) + 1272/40?
2
Suppose -a + 39 = -131. Suppose -4*o = -9*o + a. What is the tens digit of (0 - o/(-4))*2?
1
Let o(x) = -x**3 - 7*x**2. What is the tens digit of o(-8)?
6
Let q = -22 + 46. What is the tens digit of q?
2
Let w(j) = j - 7. Let c be w(11). Suppose -c = -3*o + 29. What is the tens digit of o?
1
What is the tens digit of 1*-2 + (-650)/(-10)?
6
Suppose 16*i = i + 4185. What is the hundreds digit of i?
2
Suppose 5*n - 120 = 2*f, -7*f = -3*n - 3*f + 86. Let j = n - -5. What is the tens digit of j?
2
Suppose -21 = -4*j + d, -3*j = j + d - 27. What is the units digit of (-306)/(-15) + j/(-15)?
0
Let f be (-9)/3 + 2 - -6. Suppose 4*r - 10 = -2*u, -u - u - 17 = -f*r. What is the units digit of (-4)/r*(-54)/12?
6
Let a(b) = -b + 8. Let l be a(0). Let h = -4 + l. What is the units digit of 1/h - 245/(-28)?
9
Let v = -44 + 62. Suppose -m = 5*a - 27, 5*m + a - 21 = v. Suppose 2*w + 1 = -3*n - 0, m = -2*w - 5*n. What is the units digit of w?
4
Let b(q) = 26*q - 20. What is the units digit of b(5)?
0
Suppose 558 - 2511 = -7*t. What is the hundreds digit of t?
2
Let j = 28 + 87. What is the tens digit of j?
1
Let l = 25 + -18. Let b(o) = 6*o - 5. What is the tens digit of b(l)?
3
Let x(v) = v**3 + 4*v**2 - v - 1. Let y be x(-4). What is the units digit of (-4 - (-6 + y))*-2?
2
Let w = -57 + 70. What is the units digit of w?
3
Let n(c) = -2*c - 7. Let u be (-1 - 0)/((-1)/18). Suppose -q = -4*q - u. What is the units digit of n(q)?
5
What is the tens digit of (-364)/(-8) + 2/4?
4
What is the units digit of (4/5)/(97/95 - 1)?
8
What is the units digit of (19/38)/(-2 - 906/(-452))?
3
What is the tens digit of (288/(-14))/(17/(-119))?
4
Suppose -3*b - 5 = 2*p, 10 = 5*p + b + 3. Suppose p*w = 2 + 2. Suppose 3*o + 26 = w*s, s + 4*o = -2*s + 5. What is the units digit of s?
7
Let z(a) = a**3 + 6*a**2 + 5*a + 1. Let t be z(-5). Let f be (t - -1) + 0/(-2). Suppose s - f*s = -12. What is the units digit of s?
2
Suppose -4*v + 20 = 0, -2*h + 0*v - 28 = -4*v. What is the tens digit of h/14 - 1305/(-35)?
3
Let t be 15/(-20)*(30 + -2). Let u = -1 + -1. What is the units digit of (-111)/t + u/7?
5
Let y(j) = -j**2 + 1 - 1 - 2*j - 2. Let f be y(-2). Let r = f - -3. What is the units digit of r?
1
Let n = -22 - -35. What is the tens digit of n?
1
Let y be 0 - 1 - (-1 - 2). Suppose 0 = -i + 3*i + y. Let g(p) = -6*p + 1. What is the units digit of g(i)?
7
Let v(f) = 22*f - 3. Suppose 0 = -4*z + 8. What is the units digit of v(z)?
1
Let i = 10 - -33. What is the units digit of i?
3
Let o = 95 + -9. What is the units digit of o?
6
Let u = 100 - -59. What is the hundreds digit of u?
1
Let h be (1 + 1)*6/12. What is the units digit of h/(-3) + 410/15?
7
Suppose 2*m = -0*m + t + 2, -6 = -2*m - t. Let j(h) = -m*h + h**2 + 2*h**2 - h + 3. What is the units digit of j(2)?
9
Suppose -5*t + 98 = -4*t. Suppose -4*q - 2*o = -t, -2*q - 99 = -6*q - o. What is the tens digit of q?
2
Suppose -3*k - g - 23 = 0, k = 2*g + 2*g + 14. What is the units digit of (-1104)/(-36) + (-2)/k?
1
Let v = 14 + -10. Let x = 4 + v. What is the tens digit of ((-78)/15)/(x/(-20))?
1
Let v(r) = 3*r + 3. Let g be v(-9). What is the units digit of 3*(g/9)/(-1)?
8
Let l(j) = -j + 10. Let x be l(7). Suppose 2*p - 4*h + x*h + 1 = 0, 2*h = p + 8. Suppose -y = p*y - 3*a, 6 = 2*y + a. What is the units digit of y?
2
Suppose 3*b - 4*b + 5 = 0. Let k(j) = 6*j - 1. Let h(z) = 5*z - 1. Let q(v) = b*h(v) - 4*k(v). What is the units digit of q(5)?
4
Suppose 2*f - 6*f + 20 = 0. Let i = 10 + f. What is the tens digit of i?
1
Suppose 27 - 3 = -4*r. Let i(h) = h**2 + 6*h + 2. Let m be i(r). Suppose 7*x - m*x - 30 = 0. What is the units digit of x?
6
Let d(r) be the first derivative of 3*r - r**2 + 1/3*r**3 + 2. What is the units digit of d(3)?
6
Suppose 3*o = 4*z - 340, 340 = 4*z - 4*o + 9*o. What is the units digit of z?
5
Suppose -2*r + r - 74 = -q, 4*q - 5*r - 291 = 0. What is the tens digit of q?
7
Suppose -f = -5*p + f + 164, p = 5*f + 19. Suppose -5*z = 5*m - 6 - p, -5*z + 22 = -4*m. What is the units digit of z?
6
Let x = 354 - 177. What is the units digit of x?
7
Let g(u) = -4*u - 15. What is the tens digit of g(-7)?
1
Let r(x) = x - 4. Let m be r(7). Suppose m*n = -7 + 34. Let t = 21 - n. What is the units digit of t?
2
Let a = 61 + -27. What is the units digit of a?
4
Suppose 15 - 5 = 5*j. Let s = 4 - 6. What is the units digit of j - -2*s/(-4)?
3
What is the units digit of (1/(-3))/(20/(-9300))?
5
Let o(v) = -v**2 + 6*v + 3. Let k be o(6). Suppose -3*n + 4*n + 8 = k*c, 0 = -5*n - 3*c + 14. What is the units digit of n?
1
Let v(n) = -n**3 + 8*n**2 - n + 10. Suppose -2*y + 25 = -7*y. Let f(p) = -p**2 - 6*p + 3. Let s be f(y). What is the units digit of v(s)?
2
What is the units digit of 3740/50 + (0 - 1)/(-5)?
5
Let t be 6/4 + 4/(-8). Suppose -23 - t = -o. What is the units digit of o?
4
Let x be (-8)/(-3) + (-2)/(-6). Suppose -4 + 25 = x*m. Suppose -j + 4 = -m. What is the tens digit of j?
1
Suppose 3*k = 9*k - 30. What is the units digit of k?
5
Let o(u) = -u**2 + 7*u + 2. Let a be o(8). What is the units digit of (-40)/a*(-3)/(-2)?
0
Suppose 0 = -3*j - 5*a + 110 - 10, -5*j = 2*a - 192. Let r = j - 18. What is the tens digit of r?
2
Let m = -1 + 42. Let s(v) = 5*v + 7. Let t be s(-6). Let y = m + t. What is the units digit of y?
8
Suppose -9*g + 12*g - 9 = 0. What is the units digit of g?
3
Let c(t) = 4*t + 2. Let q(p) = -5*p - 2. Let g be (4*-1)/(-3 + 4). Let h(l) = g*c(l) - 3*q(l). What is the units digit of h(-7)?
5
Let u(g) = -g**3 - 5*g**2 + 7*g + 8. Let t be u(-6). Let h(x) = 0 - 2*x - x**3 - 3 + 0 - 4*x**t. What is the units digit of h(-4)?
5
Suppose 4*z = 5*z - 119. What is the tens digit of z?
1
Let v(z) = -z**2 - 2*z + 3. Let c be v(-3). Let t(l) = l + c*l - 7 - 3*l. What is the units digit of t(-7)?
7
Suppose 59 = -4*m - 3*p, -2*p + 48 + 43 = -5*m. Let o be m*3*3/9. Let f = o + 25. What is the units digit of f?
8
Let d be ((-24)/4)/(-2 - 0). Suppose -2*j + d*j = 22. What is the units digit of j?
2
Suppose -5*m = -3*w - 2, -5*w = 2*m + m - 42. What is the units digit of w?
6
Suppose -12 = -4*c - 0. What is the tens digit of 13/(-39) - (-49)/c?
1
Let x = 43 - 8. Suppose x + 1 = 4*h. What is the units digit of h?
9
Let o(w) = 9*w**2 - 7*w**3 - 7*w - 3*w + 3*w**2. Let t(c) = 20*c**3 - 35*c**2 + 29*c. Let b(z) = -17*o(z) - 6*t(z). What is the units digit of b(5)?
5
Suppose 4*r + 2 = 5*r. Suppose -r*s + 11 = -21. What is the units digit of s?
6
Suppose -3*n = -5*n - 8. What is the units digit of ((-22)/(-8))/((-1)/n)?
1
Suppose -5*s + 192 = 2*u, 6*s - 2*u = 8*s - 78. What is the tens digit of s?
3
Let c(q) = -q**2 + 1. Let j be c(1). Suppose 2*b - 4 = -j. What is the units digit of b - (-1 + 3 - 5)?
5
Let j(c) = 82*c**3 - c**2. Let b be j(1). Suppose -s + b = 2*s. What is the units digit of s?
7
Let q = 10 + -5. Suppose -q*c = 3 - 23. What is the units digit of c?
4
Suppose 14*n - 13*n = 13. Let l = 0 - -4. Suppose -2*a + 33 = -5*t + 116, t = l*a + n. What is the units digit of t?
7
Suppose 0 = 2*q + 4, 2*n - 6*q + 3*q = 268. What is the tens digit of n?
3
Let t = -3 + 0. Let x(l) = -2*l. What is the units digit of x(t)?
6
Let y = 12 - 6. Suppose -6 - y = -2*h. What is the units digit of h?
6
Let h = 8 + -2. Let u(p) = p**3 - 6*p**2 + 5*p - 2. What is the tens digit of u(h)?
2
What is the units digit of (18/12)/(-4*3/(-3216))?
2
Let x be (-4 + 5)/((-1)/(-1)). What is the units digit of -1*x*-4 + 1?
5
Let o(a) = a**2 - 2*a + 5. Let u(k) = -k**2 + k - 5. Let z(b) = 6*o(b) + 5*u(b). Let c be z(8). Suppose -c + 1 = -2*n. What is the units digit of n?
6
Let y(l) be the first derivative of l**3/3 + 5*l**2 - 2*l - 1. Let g(p) = p**2 + 11*p - 1. Let o(d) = 3*g(d) - 4*y(d). What is the units digit of o(-6)?
1
Suppose -4*h + 8 = -8, 4*h = p - 85. What is the units digit of p?
1
Let o(a) = -7*a**2 + 2*a + 1. Let n be o(-1). Let h(x) = 2*x - 16. Let v(m